{"id":198,"date":"2022-09-23T07:21:08","date_gmt":"2022-09-23T07:21:08","guid":{"rendered":"https:\/\/hamburg-bauunternehmen.de\/?page_id=198"},"modified":"2022-09-23T07:23:05","modified_gmt":"2022-09-23T07:23:05","slug":"wanddurchbruche-hamburg","status":"publish","type":"page","link":"https:\/\/hamburg-bauunternehmen.de\/index.php\/wanddurchbruche-hamburg\/","title":{"rendered":"Wanddurchbr\u00fcche Hamburg"},"content":{"rendered":"\t\t<div data-elementor-type=\"wp-page\" data-elementor-id=\"198\" class=\"elementor elementor-198\">\n\t\t\t\t\t\t\t\t\t<section class=\"elementor-section elementor-top-section elementor-element elementor-element-7e17c85 elementor-section-height-min-height da-child elementor-section-boxed elementor-section-height-default elementor-section-items-middle\" data-id=\"7e17c85\" data-element_type=\"section\" id=\"home\" data-settings=\"{&quot;background_background&quot;:&quot;classic&quot;}\">\n\t\t\t\t\t\t\t<div class=\"elementor-background-overlay\"><\/div>\n\t\t\t\t\t\t\t<div class=\"elementor-container elementor-column-gap-default\">\n\t\t\t\t\t<div class=\"elementor-column elementor-col-100 elementor-top-column elementor-element elementor-element-5d82992\" data-id=\"5d82992\" data-element_type=\"column\">\n\t\t\t<div class=\"elementor-widget-wrap elementor-element-populated\">\n\t\t\t\t\t\t\t\t<div class=\"elementor-element elementor-element-10add7f elementor-widget__width-auto elementor-widget elementor-widget-image\" data-id=\"10add7f\" data-element_type=\"widget\" data-widget_type=\"image.default\">\n\t\t\t\t<div class=\"elementor-widget-container\">\n\t\t\t<style>\/*! elementor - v3.15.0 - 20-08-2023 *\/\n.elementor-widget-image{text-align:center}.elementor-widget-image a{display:inline-block}.elementor-widget-image a img[src$=\".svg\"]{width:48px}.elementor-widget-image img{vertical-align:middle;display:inline-block}<\/style>\t\t\t\t\t\t\t\t\t\t\t\t<img loading=\"lazy\" decoding=\"async\" width=\"800\" height=\"69\" src=\"https:\/\/hamburg-bauunternehmen.de\/wp-content\/uploads\/2022\/07\/logo.png\" class=\"attachment-large size-large wp-image-61\" alt=\"\" srcset=\"https:\/\/hamburg-bauunternehmen.de\/wp-content\/uploads\/2022\/07\/logo.png 833w, https:\/\/hamburg-bauunternehmen.de\/wp-content\/uploads\/2022\/07\/logo-300x26.png 300w, https:\/\/hamburg-bauunternehmen.de\/wp-content\/uploads\/2022\/07\/logo-768x66.png 768w\" sizes=\"auto, (max-width: 800px) 100vw, 800px\" \/>\t\t\t\t\t\t\t\t\t\t\t\t\t\t\t<\/div>\n\t\t\t\t<\/div>\n\t\t\t\t<div class=\"elementor-element elementor-element-1fa7b5a elementor-widget elementor-widget-spacer\" data-id=\"1fa7b5a\" data-element_type=\"widget\" data-widget_type=\"spacer.default\">\n\t\t\t\t<div class=\"elementor-widget-container\">\n\t\t\t<style>\/*! elementor - v3.15.0 - 20-08-2023 *\/\n.elementor-column .elementor-spacer-inner{height:var(--spacer-size)}.e-con{--container-widget-width:100%}.e-con-inner>.elementor-widget-spacer,.e-con>.elementor-widget-spacer{width:var(--container-widget-width,var(--spacer-size));--align-self:var(--container-widget-align-self,initial);--flex-shrink:0}.e-con-inner>.elementor-widget-spacer>.elementor-widget-container,.e-con-inner>.elementor-widget-spacer>.elementor-widget-container>.elementor-spacer,.e-con>.elementor-widget-spacer>.elementor-widget-container,.e-con>.elementor-widget-spacer>.elementor-widget-container>.elementor-spacer{height:100%}.e-con-inner>.elementor-widget-spacer>.elementor-widget-container>.elementor-spacer>.elementor-spacer-inner,.e-con>.elementor-widget-spacer>.elementor-widget-container>.elementor-spacer>.elementor-spacer-inner{height:var(--container-widget-height,var(--spacer-size))}<\/style>\t\t<div class=\"elementor-spacer\">\n\t\t\t<div class=\"elementor-spacer-inner\"><\/div>\n\t\t<\/div>\n\t\t\t\t<\/div>\n\t\t\t\t<\/div>\n\t\t\t\t<div class=\"elementor-element elementor-element-18d49cf elementor-widget elementor-widget-heading\" data-id=\"18d49cf\" data-element_type=\"widget\" data-widget_type=\"heading.default\">\n\t\t\t\t<div class=\"elementor-widget-container\">\n\t\t\t<style>\/*! elementor - v3.15.0 - 20-08-2023 *\/\n.elementor-heading-title{padding:0;margin:0;line-height:1}.elementor-widget-heading .elementor-heading-title[class*=elementor-size-]>a{color:inherit;font-size:inherit;line-height:inherit}.elementor-widget-heading .elementor-heading-title.elementor-size-small{font-size:15px}.elementor-widget-heading .elementor-heading-title.elementor-size-medium{font-size:19px}.elementor-widget-heading .elementor-heading-title.elementor-size-large{font-size:29px}.elementor-widget-heading .elementor-heading-title.elementor-size-xl{font-size:39px}.elementor-widget-heading .elementor-heading-title.elementor-size-xxl{font-size:59px}<\/style><h2 class=\"elementor-heading-title elementor-size-default\">IHR BAUGESCH\u00c4FT IN NORDERSTEDT<\/h2>\t\t<\/div>\n\t\t\t\t<\/div>\n\t\t\t\t\t<\/div>\n\t\t<\/div>\n\t\t\t\t\t\t\t<\/div>\n\t\t<\/section>\n\t\t\t\t<section class=\"elementor-section elementor-top-section elementor-element elementor-element-231263c elementor-section-boxed elementor-section-height-default elementor-section-height-default\" data-id=\"231263c\" data-element_type=\"section\">\n\t\t\t\t\t\t<div class=\"elementor-container elementor-column-gap-default\">\n\t\t\t\t\t<div class=\"elementor-column elementor-col-100 elementor-top-column elementor-element elementor-element-6295403\" data-id=\"6295403\" data-element_type=\"column\">\n\t\t\t<div class=\"elementor-widget-wrap elementor-element-populated\">\n\t\t\t\t\t\t\t\t<div class=\"elementor-element elementor-element-3b90b65 elementor-widget elementor-widget-text-editor\" data-id=\"3b90b65\" data-element_type=\"widget\" data-widget_type=\"text-editor.default\">\n\t\t\t\t<div class=\"elementor-widget-container\">\n\t\t\t<style>\/*! elementor - v3.15.0 - 20-08-2023 *\/\n.elementor-widget-text-editor.elementor-drop-cap-view-stacked .elementor-drop-cap{background-color:#69727d;color:#fff}.elementor-widget-text-editor.elementor-drop-cap-view-framed .elementor-drop-cap{color:#69727d;border:3px solid;background-color:transparent}.elementor-widget-text-editor:not(.elementor-drop-cap-view-default) .elementor-drop-cap{margin-top:8px}.elementor-widget-text-editor:not(.elementor-drop-cap-view-default) .elementor-drop-cap-letter{width:1em;height:1em}.elementor-widget-text-editor .elementor-drop-cap{float:left;text-align:center;line-height:1;font-size:50px}.elementor-widget-text-editor .elementor-drop-cap-letter{display:inline-block}<\/style>\t\t\t\t<p><b>Wanddurchbr\u00fcche Hamburg<\/b><\/p><p>\u00a0<\/p><div><div class=\"preview\">Wanddurchbr\u00fcche\u00a0in\u00a0Hamburg\u00a0und Umgebung | Marco Schwebe<br \/><br \/>Sie haben zahlreiche kleine, aber sehr dunkle R\u00e4ume und denken \u00fcber ein offenes Wohnkonzept mit lichtdurchfluteten Zimmern nach?\u00a0Wanddurchbr\u00fcche\u00a0sind eine gute M\u00f6glichkeit, aus mehreren nicht oder kaum nutzbaren Zimmern einen offenen Wohn-Essbereich oder ein Schlafzimmer mit Masterbad zu gestalten. Wenn es um einen Durchbruch geht, sollten Sie auf Erfahrung bauen und sich in\u00a0Hamburg\u00a0sowie in der Umgebung auf einen Fachmann verlassen. Wir nehmen Ihre\u00a0Wanddurchbr\u00fcche\u00a0mit Kompetenz vor und sorgen daf\u00fcr, dass Sie vom Ergebnis begeistert sind.<br \/><br \/>Ihre Ideen &#8211; unsere L\u00f6sungen f\u00fcr\u00a0Wanddurchbr\u00fcche<br \/><br \/>Viele unserer Kunden aus\u00a0Hamburg\u00a0und ganz Norddeutschland sind erstaunt, wie enorm sich\u00a0Wanddurchbr\u00fcche\u00a0auf den Charakter des Hauses und auf die Helligkeit auswirken. Wenn Sie eine Idee haben und \u00fcberlegen, ob Ihr Wunsch in Ihren eigenen vier W\u00e4nden in\u00a0Hamburg\u00a0umsetzbar ist, dann sind wir die richtigen Partner f\u00fcr Ihr Projekt. Mit Know-how und Sachverstand pr\u00fcfen wir, welche\u00a0Wanddurchbr\u00fcche\u00a0machbar sind und wie sich der Durchbruch auf das zuk\u00fcnftige Raumkonzept auswirkt. Gerne kommen wir zu Ihnen nach\u00a0Hamburg\u00a0und beraten Sie \u00fcber das Machbare und die Vielfalt der M\u00f6glichkeiten vor Ort.<br \/><br \/>Ein gro\u00dfer Vorteil von Wanddurchbr\u00fcchen beruht auf der Tatsache, dass sie im Inneren des Hauses durchgef\u00fchrt werden. Ihre Fassade bleibt unver\u00e4ndert und Sie m\u00fcssen in\u00a0Hamburg\u00a0keinen Antrag auf einen Anbau stellen. Als Fachleute wissen wir, wo\u00a0Wanddurchbr\u00fcche\u00a0m\u00f6glich sind und welche Wand in Ihrem Haus in\u00a0Hamburg\u00a0aufgrund ihrer tragenden F\u00e4higkeit stehen bleiben muss. Aber auch in letzterem Fall gibt es M\u00f6glichkeiten f\u00fcr\u00a0Wanddurchbr\u00fcche, n\u00e4mlich dann, wenn die Decke gest\u00fctzt und zum Beispiel nur ein Teildurchbruch gemacht wird.<br \/><br \/>F\u00fcr ein genaues Bild und ein Angebot f\u00fcr Sie schlagen wir vor, Sie in Ihrem Zuhause in\u00a0Hamburg\u00a0zu besuchen. Dort k\u00f6nnen wir Ihre Ideen besprechen und sehen, welche Optionen es f\u00fcr\u00a0Wanddurchbr\u00fcche\u00a0gibt und wie Ihr Projekt realisierbar ist. Auch wenn\u00a0Wanddurchbr\u00fcche\u00a0zu den am h\u00e4ufigsten von unseren Kunden aus\u00a0Hamburg\u00a0erfragten Ver\u00e4nderungen am Haus geh\u00f6ren: Wir bieten Ihnen noch eine ganze Reihe weiterer Handwerke in meisterlicher Ausf\u00fchrung an. Es ist nicht schwer, ein Haus zu Ihrem Haus in\u00a0Hamburg\u00a0zu machen, wenn Sie einen kompetenten Partner beauftragen und von unserem fairen Preis-Leistungs-Verh\u00e4ltnis profitieren.<br \/><br \/>Wanddurchbr\u00fcche\u00a0nicht nur im Altbau interessant<br \/><br \/>Sicherlich werden die meisten\u00a0Wanddurchbr\u00fcche\u00a0in \u00e4lteren Bestandsgeb\u00e4uden vorgenommen. Kleine R\u00e4ume lassen sich so optimal vergr\u00f6\u00dfern und auf Ihre Bed\u00fcrfnisse anpassen. Aber auch im Neubau in\u00a0Hamburg\u00a0k\u00f6nnen Sie sich den Wunsch erf\u00fcllen, die abgetrennte K\u00fcche zum Wohnraum hin zu \u00f6ffnen und eine gro\u00dfr\u00e4umige Wohnk\u00fcche zu gestalten. Wir freuen uns darauf, Sie bei Ihrem Projekt in\u00a0Hamburg\u00a0und im Umland zu begleiten und Ihr Haus in ein Schmuckst\u00fcck ganz nach Ihren Anspr\u00fcchen zu verwandeln. Im gesamten Gro\u00dfraum\u00a0Hamburg\u00a0sind wir als zuverl\u00e4ssige, flei\u00dfige und termintreue Handwerker mit fairen Preisen bekannt. \u00dcberzeugen Sie sich selbst und sprechen Sie uns an, wenn Sie schon l\u00e4nger \u00fcber\u00a0Wanddurchbr\u00fcche\u00a0nachdenken und nun mit der finalen Phase starten m\u00f6chten. Sollen W\u00e4nde versetzt und an einer Stelle abgebrochen, an einer anderen Stelle neu errichtet werden? Auch dann sind wir die richtigen Ansprechpartner.<\/div><\/div>\t\t\t\t\t\t<\/div>\n\t\t\t\t<\/div>\n\t\t\t\t\t<\/div>\n\t\t<\/div>\n\t\t\t\t\t\t\t<\/div>\n\t\t<\/section>\n\t\t\t\t\t\t\t<\/div>\n\t\t","protected":false},"excerpt":{"rendered":"","protected":false},"author":1,"featured_media":0,"parent":0,"menu_order":0,"comment_status":"closed","ping_status":"closed","template":"elementor_canvas","meta":{"_seopress_robots_primary_cat":"","footnotes":""},"class_list":["post-198","page","type-page","status-publish","hentry"],"_links":{"self":[{"href":"https:\/\/hamburg-bauunternehmen.de\/index.php\/wp-json\/wp\/v2\/pages\/198","targetHints":{"allow":["GET"]}}],"collection":[{"href":"https:\/\/hamburg-bauunternehmen.de\/index.php\/wp-json\/wp\/v2\/pages"}],"about":[{"href":"https:\/\/hamburg-bauunternehmen.de\/index.php\/wp-json\/wp\/v2\/types\/page"}],"author":[{"embeddable":true,"href":"https:\/\/hamburg-bauunternehmen.de\/index.php\/wp-json\/wp\/v2\/users\/1"}],"replies":[{"embeddable":true,"href":"https:\/\/hamburg-bauunternehmen.de\/index.php\/wp-json\/wp\/v2\/comments?post=198"}],"version-history":[{"count":5,"href":"https:\/\/hamburg-bauunternehmen.de\/index.php\/wp-json\/wp\/v2\/pages\/198\/revisions"}],"predecessor-version":[{"id":203,"href":"https:\/\/hamburg-bauunternehmen.de\/index.php\/wp-json\/wp\/v2\/pages\/198\/revisions\/203"}],"wp:attachment":[{"href":"https:\/\/hamburg-bauunternehmen.de\/index.php\/wp-json\/wp\/v2\/media?parent=198"}],"curies":[{"name":"wp","href":"https:\/\/api.w.org\/{rel}","templated":true}]}}