{"id":216,"date":"2022-09-23T07:25:17","date_gmt":"2022-09-23T07:25:17","guid":{"rendered":"https:\/\/hamburg-bauunternehmen.de\/?page_id=216"},"modified":"2022-09-23T07:27:19","modified_gmt":"2022-09-23T07:27:19","slug":"wandentfernung-hamburg-2","status":"publish","type":"page","link":"https:\/\/hamburg-bauunternehmen.de\/index.php\/wandentfernung-hamburg-2\/","title":{"rendered":"Neue W\u00e4nde stellen in Hamburg"},"content":{"rendered":"\t\t<div data-elementor-type=\"wp-page\" data-elementor-id=\"216\" class=\"elementor elementor-216\">\n\t\t\t\t\t\t\t\t\t<section class=\"elementor-section elementor-top-section elementor-element elementor-element-7e17c85 elementor-section-height-min-height da-child elementor-section-boxed elementor-section-height-default elementor-section-items-middle\" data-id=\"7e17c85\" data-element_type=\"section\" id=\"home\" data-settings=\"{&quot;background_background&quot;:&quot;classic&quot;}\">\n\t\t\t\t\t\t\t<div class=\"elementor-background-overlay\"><\/div>\n\t\t\t\t\t\t\t<div class=\"elementor-container elementor-column-gap-default\">\n\t\t\t\t\t<div class=\"elementor-column elementor-col-100 elementor-top-column elementor-element elementor-element-5d82992\" data-id=\"5d82992\" data-element_type=\"column\">\n\t\t\t<div class=\"elementor-widget-wrap elementor-element-populated\">\n\t\t\t\t\t\t\t\t<div class=\"elementor-element elementor-element-10add7f elementor-widget__width-auto elementor-widget elementor-widget-image\" data-id=\"10add7f\" data-element_type=\"widget\" data-widget_type=\"image.default\">\n\t\t\t\t<div class=\"elementor-widget-container\">\n\t\t\t<style>\/*! elementor - v3.15.0 - 20-08-2023 *\/\n.elementor-widget-image{text-align:center}.elementor-widget-image a{display:inline-block}.elementor-widget-image a img[src$=\".svg\"]{width:48px}.elementor-widget-image img{vertical-align:middle;display:inline-block}<\/style>\t\t\t\t\t\t\t\t\t\t\t\t<img loading=\"lazy\" decoding=\"async\" width=\"800\" height=\"69\" src=\"https:\/\/hamburg-bauunternehmen.de\/wp-content\/uploads\/2022\/07\/logo.png\" class=\"attachment-large size-large wp-image-61\" alt=\"\" srcset=\"https:\/\/hamburg-bauunternehmen.de\/wp-content\/uploads\/2022\/07\/logo.png 833w, https:\/\/hamburg-bauunternehmen.de\/wp-content\/uploads\/2022\/07\/logo-300x26.png 300w, https:\/\/hamburg-bauunternehmen.de\/wp-content\/uploads\/2022\/07\/logo-768x66.png 768w\" sizes=\"auto, (max-width: 800px) 100vw, 800px\" \/>\t\t\t\t\t\t\t\t\t\t\t\t\t\t\t<\/div>\n\t\t\t\t<\/div>\n\t\t\t\t<div class=\"elementor-element elementor-element-1fa7b5a elementor-widget elementor-widget-spacer\" data-id=\"1fa7b5a\" data-element_type=\"widget\" data-widget_type=\"spacer.default\">\n\t\t\t\t<div class=\"elementor-widget-container\">\n\t\t\t<style>\/*! elementor - v3.15.0 - 20-08-2023 *\/\n.elementor-column .elementor-spacer-inner{height:var(--spacer-size)}.e-con{--container-widget-width:100%}.e-con-inner>.elementor-widget-spacer,.e-con>.elementor-widget-spacer{width:var(--container-widget-width,var(--spacer-size));--align-self:var(--container-widget-align-self,initial);--flex-shrink:0}.e-con-inner>.elementor-widget-spacer>.elementor-widget-container,.e-con-inner>.elementor-widget-spacer>.elementor-widget-container>.elementor-spacer,.e-con>.elementor-widget-spacer>.elementor-widget-container,.e-con>.elementor-widget-spacer>.elementor-widget-container>.elementor-spacer{height:100%}.e-con-inner>.elementor-widget-spacer>.elementor-widget-container>.elementor-spacer>.elementor-spacer-inner,.e-con>.elementor-widget-spacer>.elementor-widget-container>.elementor-spacer>.elementor-spacer-inner{height:var(--container-widget-height,var(--spacer-size))}<\/style>\t\t<div class=\"elementor-spacer\">\n\t\t\t<div class=\"elementor-spacer-inner\"><\/div>\n\t\t<\/div>\n\t\t\t\t<\/div>\n\t\t\t\t<\/div>\n\t\t\t\t<div class=\"elementor-element elementor-element-18d49cf elementor-widget elementor-widget-heading\" data-id=\"18d49cf\" data-element_type=\"widget\" data-widget_type=\"heading.default\">\n\t\t\t\t<div class=\"elementor-widget-container\">\n\t\t\t<style>\/*! elementor - v3.15.0 - 20-08-2023 *\/\n.elementor-heading-title{padding:0;margin:0;line-height:1}.elementor-widget-heading .elementor-heading-title[class*=elementor-size-]>a{color:inherit;font-size:inherit;line-height:inherit}.elementor-widget-heading .elementor-heading-title.elementor-size-small{font-size:15px}.elementor-widget-heading .elementor-heading-title.elementor-size-medium{font-size:19px}.elementor-widget-heading .elementor-heading-title.elementor-size-large{font-size:29px}.elementor-widget-heading .elementor-heading-title.elementor-size-xl{font-size:39px}.elementor-widget-heading .elementor-heading-title.elementor-size-xxl{font-size:59px}<\/style><h2 class=\"elementor-heading-title elementor-size-default\">IHR BAUGESCH\u00c4FT IN NORDERSTEDT<\/h2>\t\t<\/div>\n\t\t\t\t<\/div>\n\t\t\t\t\t<\/div>\n\t\t<\/div>\n\t\t\t\t\t\t\t<\/div>\n\t\t<\/section>\n\t\t\t\t<section class=\"elementor-section elementor-top-section elementor-element elementor-element-231263c elementor-section-boxed elementor-section-height-default elementor-section-height-default\" data-id=\"231263c\" data-element_type=\"section\">\n\t\t\t\t\t\t<div class=\"elementor-container elementor-column-gap-default\">\n\t\t\t\t\t<div class=\"elementor-column elementor-col-100 elementor-top-column elementor-element elementor-element-6295403\" data-id=\"6295403\" data-element_type=\"column\">\n\t\t\t<div class=\"elementor-widget-wrap elementor-element-populated\">\n\t\t\t\t\t\t\t\t<div class=\"elementor-element elementor-element-3b90b65 elementor-widget elementor-widget-text-editor\" data-id=\"3b90b65\" data-element_type=\"widget\" data-widget_type=\"text-editor.default\">\n\t\t\t\t<div class=\"elementor-widget-container\">\n\t\t\t<style>\/*! elementor - v3.15.0 - 20-08-2023 *\/\n.elementor-widget-text-editor.elementor-drop-cap-view-stacked .elementor-drop-cap{background-color:#69727d;color:#fff}.elementor-widget-text-editor.elementor-drop-cap-view-framed .elementor-drop-cap{color:#69727d;border:3px solid;background-color:transparent}.elementor-widget-text-editor:not(.elementor-drop-cap-view-default) .elementor-drop-cap{margin-top:8px}.elementor-widget-text-editor:not(.elementor-drop-cap-view-default) .elementor-drop-cap-letter{width:1em;height:1em}.elementor-widget-text-editor .elementor-drop-cap{float:left;text-align:center;line-height:1;font-size:50px}.elementor-widget-text-editor .elementor-drop-cap-letter{display:inline-block}<\/style>\t\t\t\t<p><b>Neue W\u00e4nde stellen in Hamburg<\/b><\/p><div><div class=\"preview\"><p>Neue W\u00e4nde stellen in Hamburg &#8211; kompetent, zuverl\u00e4ssig und zu fairen Preisen.<\/p><p>Neue W\u00e4nde stellen\u00a0erfordert Know-how, Erfahrung und eine motivierte Arbeitseinstellung zur fachgerechten Ausf\u00fchrung aller anstehenden Aufgaben, um ein erstklassiges Ergebnis zu erzielen. Darum steht unser Team Ihnen in\u00a0Hamburg\u00a0und Umgebung bereits von Beginn an zur Seite und plant mit Ihnen zusammen, wie wir in Ihrem Heim\u00a0neue W\u00e4nde stellen\u00a0k\u00f6nnen, damit Sie sich nach Erbringung unserer Leistungen rundum wohlf\u00fchlen k\u00f6nnen. Stets zuverl\u00e4ssig und als kompetenter Partner beraten wir Sie in allen Belangen rund um das Thema &#8222;neue W\u00e4nde Stellen&#8220; in\u00a0Hamburg\u00a0und Umgebung. Dabei sind wir offen f\u00fcr Ihre W\u00fcnsche und orientieren uns an der restlosen Zufriedenheit unserer gesch\u00e4tzten Kunden.<\/p><p>Neue W\u00e4nde zu stellen, ist unser Spezialgebiet &#8211; profitieren Sie von unserer Erfahrung<\/p><p>Als eines der f\u00fchrenden Unternehmen in\u00a0Hamburg, ist es unser Anspruch,\u00a0neue W\u00e4nde zu stellen, die durch Langlebigkeit, Qualit\u00e4t und hochwertige Materialien \u00fcberzeugen. Profitieren Sie von unserer langj\u00e4hrigen Erfahrung und lassen Sie sich bereits im Vorfeld ausgiebig beraten. Wir sind offen f\u00fcr jede Art von Projekt und unterst\u00fctzen Sie beim Umbau Ihrer Wohnung, Ihres B\u00fcros oder Ihres Gesch\u00e4ftes in\u00a0Hamburg. Dabei halten wir uns stets an alle geltenden Vorschriften und \u00fcbertreffen durch unsere professionelle Arbeitsweise geltende Qualit\u00e4tsstandards.<\/p><p>Wir denken langfristig: Durch die Auswahl erstklassiger Materialien und routinierte Methodik, sind wir in der Lage,\u00a0neue W\u00e4nde zu stellen, die auch nach vielen Jahren noch durch ihre Robustheit und makellose Fertigung \u00fcberzeugen. Dadurch garantieren wir Ihnen optimale Ergebnisse, die Ihren Wunschvorstellungen entsprechen und die Wertigkeit Ihrer Immobilie in\u00a0Hamburg\u00a0und Umgebung langfristig steigern.<\/p><p>Transparenz und Offenheit gegen\u00fcber unseren Kunden als Teil unserer Firmenphilosophie<\/p><p>Seit der Gr\u00fcndung unserer Firma stehen wir zu unserem Grundsatz, dass die Zufriedenheit unserer Kunden in jedem Fall an erster Stelle stehen muss. Bereits bevor wir\u00a0neue W\u00e4nde stellen, informieren wir Sie genaustens \u00fcber alle anfallenden Arbeiten und die dadurch entstehenden Kosten. Damit bewahren wir sie vor b\u00f6sen \u00dcberraschungen und sie behalten von Anfang an die volle Kontrolle \u00fcber Ihr Projekt. Faire Konditionen, ehrliche Kostenvoranschl\u00e4ge und hervorragende Beratung zeichnen unser Unternehmen aus. Wir betreuen Sie vom ersten Beratungsgespr\u00e4ch, \u00fcber die pr\u00e4zise Planung bis hin zur Umsetzung Ihres gesamten Bauvorhabens in ganz\u00a0Hamburg. Unser vollumf\u00e4nglicher Service richtet sich an Privatleute und Gesch\u00e4ftskunden in\u00a0Hamburg, die\u00a0neue W\u00e4nde stellen\u00a0m\u00f6chten, ohne sich Sorgen um versteckte Kosten machen zu m\u00fcssen. Es ist unser Anliegen, Sie als zufriedenen Kunden zu z\u00e4hlen und auch in Zukunft mit unserem Namen f\u00fcr erstklassiges Handwerk in\u00a0Hamburg\u00a0zu stehen!<\/p><p>Fairness und kundenorientiertes Arbeiten als Erfolgsrezept<\/p><p>Lassen Sie sich durch unser Team beraten und genie\u00dfen Sie unseren Rundum-Service in\u00a0Hamburg, der Ihnen und Ihren Anspr\u00fcchen uneingeschr\u00e4nkt gerecht wird.\u00a0Neue W\u00e4nde stellen, Sanierungen, Betonarbeiten und vielseitige Umbauma\u00dfnahmen geh\u00f6ren zu unseren Aufgaben, mit denen wir t\u00e4glich neuen, zufriedenen Kunden ein v\u00f6llig neues Wohnerlebnis bescheren. Wir freuen uns auf Sie, Ihr Projekt und Ihre W\u00fcnsche sowie jede neue Herausforderung.<\/p><\/div><\/div>\t\t\t\t\t\t<\/div>\n\t\t\t\t<\/div>\n\t\t\t\t\t<\/div>\n\t\t<\/div>\n\t\t\t\t\t\t\t<\/div>\n\t\t<\/section>\n\t\t\t\t\t\t\t<\/div>\n\t\t","protected":false},"excerpt":{"rendered":"<p>IHR BAUGESCH\u00c4FT IN NORDERSTEDT Neue W\u00e4nde stellen in Hamburg Neue W\u00e4nde stellen in Hamburg &#8211; kompetent, zuverl\u00e4ssig und zu fairen Preisen. Neue W\u00e4nde stellen\u00a0erfordert Know-how, Erfahrung und eine motivierte Arbeitseinstellung zur fachgerechten Ausf\u00fchrung aller anstehenden Aufgaben, um ein erstklassiges Ergebnis zu erzielen. Darum steht unser Team Ihnen in\u00a0Hamburg\u00a0und Umgebung bereits von Beginn an zur Seite [&hellip;]<\/p>\n","protected":false},"author":1,"featured_media":0,"parent":0,"menu_order":0,"comment_status":"closed","ping_status":"closed","template":"elementor_canvas","meta":{"_seopress_robots_primary_cat":"","footnotes":""},"class_list":["post-216","page","type-page","status-publish","hentry"],"_links":{"self":[{"href":"https:\/\/hamburg-bauunternehmen.de\/index.php\/wp-json\/wp\/v2\/pages\/216","targetHints":{"allow":["GET"]}}],"collection":[{"href":"https:\/\/hamburg-bauunternehmen.de\/index.php\/wp-json\/wp\/v2\/pages"}],"about":[{"href":"https:\/\/hamburg-bauunternehmen.de\/index.php\/wp-json\/wp\/v2\/types\/page"}],"author":[{"embeddable":true,"href":"https:\/\/hamburg-bauunternehmen.de\/index.php\/wp-json\/wp\/v2\/users\/1"}],"replies":[{"embeddable":true,"href":"https:\/\/hamburg-bauunternehmen.de\/index.php\/wp-json\/wp\/v2\/comments?post=216"}],"version-history":[{"count":9,"href":"https:\/\/hamburg-bauunternehmen.de\/index.php\/wp-json\/wp\/v2\/pages\/216\/revisions"}],"predecessor-version":[{"id":225,"href":"https:\/\/hamburg-bauunternehmen.de\/index.php\/wp-json\/wp\/v2\/pages\/216\/revisions\/225"}],"wp:attachment":[{"href":"https:\/\/hamburg-bauunternehmen.de\/index.php\/wp-json\/wp\/v2\/media?parent=216"}],"curies":[{"name":"wp","href":"https:\/\/api.w.org\/{rel}","templated":true}]}}