{"id":232,"date":"2022-10-27T10:15:40","date_gmt":"2022-10-27T10:15:40","guid":{"rendered":"https:\/\/hamburg-bauunternehmen.de\/?page_id=232"},"modified":"2022-10-27T10:16:15","modified_gmt":"2022-10-27T10:16:15","slug":"abdichtungen-keller-waende-hamburg","status":"publish","type":"page","link":"https:\/\/hamburg-bauunternehmen.de\/index.php\/abdichtungen-keller-waende-hamburg\/","title":{"rendered":"Balkonsanierung Hamburg\u00a0"},"content":{"rendered":"\t\t<div data-elementor-type=\"wp-page\" data-elementor-id=\"232\" class=\"elementor elementor-232\">\n\t\t\t\t\t\t\t\t\t<section class=\"elementor-section elementor-top-section elementor-element elementor-element-7e17c85 elementor-section-height-min-height da-child elementor-section-boxed elementor-section-height-default elementor-section-items-middle\" data-id=\"7e17c85\" data-element_type=\"section\" id=\"home\" data-settings=\"{&quot;background_background&quot;:&quot;classic&quot;}\">\n\t\t\t\t\t\t\t<div class=\"elementor-background-overlay\"><\/div>\n\t\t\t\t\t\t\t<div class=\"elementor-container elementor-column-gap-default\">\n\t\t\t\t\t<div class=\"elementor-column elementor-col-100 elementor-top-column elementor-element elementor-element-5d82992\" data-id=\"5d82992\" data-element_type=\"column\">\n\t\t\t<div class=\"elementor-widget-wrap elementor-element-populated\">\n\t\t\t\t\t\t\t\t<div class=\"elementor-element elementor-element-10add7f elementor-widget__width-auto elementor-widget elementor-widget-image\" data-id=\"10add7f\" data-element_type=\"widget\" data-widget_type=\"image.default\">\n\t\t\t\t<div class=\"elementor-widget-container\">\n\t\t\t<style>\/*! elementor - v3.15.0 - 20-08-2023 *\/\n.elementor-widget-image{text-align:center}.elementor-widget-image a{display:inline-block}.elementor-widget-image a img[src$=\".svg\"]{width:48px}.elementor-widget-image img{vertical-align:middle;display:inline-block}<\/style>\t\t\t\t\t\t\t\t\t\t\t\t<img loading=\"lazy\" decoding=\"async\" width=\"800\" height=\"69\" src=\"https:\/\/hamburg-bauunternehmen.de\/wp-content\/uploads\/2022\/07\/logo.png\" class=\"attachment-large size-large wp-image-61\" alt=\"\" srcset=\"https:\/\/hamburg-bauunternehmen.de\/wp-content\/uploads\/2022\/07\/logo.png 833w, https:\/\/hamburg-bauunternehmen.de\/wp-content\/uploads\/2022\/07\/logo-300x26.png 300w, https:\/\/hamburg-bauunternehmen.de\/wp-content\/uploads\/2022\/07\/logo-768x66.png 768w\" sizes=\"auto, (max-width: 800px) 100vw, 800px\" \/>\t\t\t\t\t\t\t\t\t\t\t\t\t\t\t<\/div>\n\t\t\t\t<\/div>\n\t\t\t\t<div class=\"elementor-element elementor-element-1fa7b5a elementor-widget elementor-widget-spacer\" data-id=\"1fa7b5a\" data-element_type=\"widget\" data-widget_type=\"spacer.default\">\n\t\t\t\t<div class=\"elementor-widget-container\">\n\t\t\t<style>\/*! elementor - v3.15.0 - 20-08-2023 *\/\n.elementor-column .elementor-spacer-inner{height:var(--spacer-size)}.e-con{--container-widget-width:100%}.e-con-inner>.elementor-widget-spacer,.e-con>.elementor-widget-spacer{width:var(--container-widget-width,var(--spacer-size));--align-self:var(--container-widget-align-self,initial);--flex-shrink:0}.e-con-inner>.elementor-widget-spacer>.elementor-widget-container,.e-con-inner>.elementor-widget-spacer>.elementor-widget-container>.elementor-spacer,.e-con>.elementor-widget-spacer>.elementor-widget-container,.e-con>.elementor-widget-spacer>.elementor-widget-container>.elementor-spacer{height:100%}.e-con-inner>.elementor-widget-spacer>.elementor-widget-container>.elementor-spacer>.elementor-spacer-inner,.e-con>.elementor-widget-spacer>.elementor-widget-container>.elementor-spacer>.elementor-spacer-inner{height:var(--container-widget-height,var(--spacer-size))}<\/style>\t\t<div class=\"elementor-spacer\">\n\t\t\t<div class=\"elementor-spacer-inner\"><\/div>\n\t\t<\/div>\n\t\t\t\t<\/div>\n\t\t\t\t<\/div>\n\t\t\t\t<div class=\"elementor-element elementor-element-18d49cf elementor-widget elementor-widget-heading\" data-id=\"18d49cf\" data-element_type=\"widget\" data-widget_type=\"heading.default\">\n\t\t\t\t<div class=\"elementor-widget-container\">\n\t\t\t<style>\/*! elementor - v3.15.0 - 20-08-2023 *\/\n.elementor-heading-title{padding:0;margin:0;line-height:1}.elementor-widget-heading .elementor-heading-title[class*=elementor-size-]>a{color:inherit;font-size:inherit;line-height:inherit}.elementor-widget-heading .elementor-heading-title.elementor-size-small{font-size:15px}.elementor-widget-heading .elementor-heading-title.elementor-size-medium{font-size:19px}.elementor-widget-heading .elementor-heading-title.elementor-size-large{font-size:29px}.elementor-widget-heading .elementor-heading-title.elementor-size-xl{font-size:39px}.elementor-widget-heading .elementor-heading-title.elementor-size-xxl{font-size:59px}<\/style><h2 class=\"elementor-heading-title elementor-size-default\">IHR BAUGESCH\u00c4FT IN NORDERSTEDT<\/h2>\t\t<\/div>\n\t\t\t\t<\/div>\n\t\t\t\t\t<\/div>\n\t\t<\/div>\n\t\t\t\t\t\t\t<\/div>\n\t\t<\/section>\n\t\t\t\t<section class=\"elementor-section elementor-top-section elementor-element elementor-element-231263c elementor-section-boxed elementor-section-height-default elementor-section-height-default\" data-id=\"231263c\" data-element_type=\"section\">\n\t\t\t\t\t\t<div class=\"elementor-container elementor-column-gap-default\">\n\t\t\t\t\t<div class=\"elementor-column elementor-col-100 elementor-top-column elementor-element elementor-element-6295403\" data-id=\"6295403\" data-element_type=\"column\">\n\t\t\t<div class=\"elementor-widget-wrap elementor-element-populated\">\n\t\t\t\t\t\t\t\t<div class=\"elementor-element elementor-element-3b90b65 elementor-widget elementor-widget-text-editor\" data-id=\"3b90b65\" data-element_type=\"widget\" data-widget_type=\"text-editor.default\">\n\t\t\t\t<div class=\"elementor-widget-container\">\n\t\t\t<style>\/*! elementor - v3.15.0 - 20-08-2023 *\/\n.elementor-widget-text-editor.elementor-drop-cap-view-stacked .elementor-drop-cap{background-color:#69727d;color:#fff}.elementor-widget-text-editor.elementor-drop-cap-view-framed .elementor-drop-cap{color:#69727d;border:3px solid;background-color:transparent}.elementor-widget-text-editor:not(.elementor-drop-cap-view-default) .elementor-drop-cap{margin-top:8px}.elementor-widget-text-editor:not(.elementor-drop-cap-view-default) .elementor-drop-cap-letter{width:1em;height:1em}.elementor-widget-text-editor .elementor-drop-cap{float:left;text-align:center;line-height:1;font-size:50px}.elementor-widget-text-editor .elementor-drop-cap-letter{display:inline-block}<\/style>\t\t\t\t<p><b>Balkonsanierung Hamburg<\/b><\/p><p>\u00a0<\/p><div><div class=\"preview\">Balkonsanierung\u00a0Hamburg<br \/>Ihre\u00a0Balkonsanierung\u00a0in\u00a0Hamburg\u00a0vom Experten<br \/>Ihr Balkon ist in die Jahre gekommen oder Sie haben ein altes Haus gekauft und m\u00f6chten Ihren Balkon in\u00a0Hamburg\u00a0sanieren lassen? Ein wackelndes Balkongel\u00e4nder, morsches Holz oder auch sich neigende Bodenbel\u00e4ge sind erste Anzeichen daf\u00fcr, dass Ihr Balkon nicht mehr sicher genutzt werden kann. Balkonbel\u00e4ge sind extremen Belastungen wie Niederschl\u00e4gen, Sonneneinstrahlung und Minustemperaturen ausgesetzt. Das kann zu Materialerm\u00fcdung und -alterung sowie zu sichtbaren Sch\u00e4den f\u00fchren. Sobald Sie abgeplatzten Beton, Risse in den Fugen oder gar kaputte Abdichtungen auf Ihrem Balkon entdecken, sollten Sie handeln, damit keine Feuchtigkeit in das Geb\u00e4ude eindringt und zu Schimmelstellen oder Feuchtigkeitsproblemen f\u00fchrt. Denn ein sanierungsbed\u00fcrftiger Balkon kann die Bausubstanz Ihres Hauses in\u00a0Hamburg\u00a0gef\u00e4hrden und den Wert Ihrer Immobilie mindern. Deswegen hat der Wunsch nach einer\u00a0Balkonsanierung\u00a0nicht nur \u00e4sthetische Gr\u00fcnde.<br \/>Als fachkundige Profis mit langj\u00e4hriger Erfahrung in der\u00a0Balkonsanierung\u00a0\u00fcbernehmen wir die Sanierung ihres Balkons in\u00a0Hamburg\u00a0zuverl\u00e4ssig, schnell und fachgerecht. So verhindern wir, dass weitere Sch\u00e4den entstehen und sorgen daf\u00fcr, dass ihr Balkon wieder aussieht wie neu.<br \/><br \/>Die professionelle Bestandsaufnahme als Erfolgsgarant<br \/>F\u00fcr die\u00a0Balkonsanierung\u00a0ist passendes Wetter Grundvoraussetzung. Deswegen sollten Sie die Sanierung Ihres Balkons in\u00a0Hamburg\u00a0nicht zu lange aufschieben. Je nachdem, welche Arbeiten durchgef\u00fchrt werden m\u00fcssen, kann eine\u00a0Balkonsanierung\u00a0von unserem Team in k\u00fcrzester Zeit durchgef\u00fchrt werden. Bevor wir mit unseren Arbeiten an Ihrem Balkon in\u00a0Hamburg\u00a0beginnen, pr\u00fcfen wir mit unserer gr\u00fcndlichen Schadensanalyse bei Ihnen vor Ort, welche Sch\u00e4den genau entstanden sind und welche Balkonelemente Sanierungsbedarf haben. Wir erfassen vorhandene Sch\u00e4den detailliert und beraten Sie ausf\u00fchrlich zu den Ma\u00dfnahmen, die ergriffen werden sollten. Mit unserer jahrelangen Expertise in der\u00a0Balkonsanierung\u00a0in\u00a0Hamburg\u00a0sorgen wir daf\u00fcr, dass keine weiteren Sch\u00e4den entstehen und dass auch nur die Teile saniert werden, die besch\u00e4digt sind.<br \/><br \/>Ausf\u00fchrliche Sanierungsvorarbeiten f\u00fcr ein gutes Ergebnis<br \/>Wir reinigen zun\u00e4chst den Balkon sorgf\u00e4ltig und bereiten ihn auf die\u00a0Balkonsanierung\u00a0vor. Dabei werden ausgebrochene Teile entfernt, im Mauerwerk vorhandene Hohlstellen neu ausgemauert, die T\u00fcren und die Balkongel\u00e4nder auf die Sanierung vorbereitet und der Oberbelag, wie z. B. Platten oder Fliesen und die Abdichtung entfernt, sodass nur die tragf\u00e4hige Unterkonstruktion des Balkons zur\u00fcckbleibt. Denn nur gr\u00fcndliche Vorarbeiten sichern uns ein exzellentes Endergebnis.<br \/><br \/>Professionelle\u00a0Balkonsanierung\u00a0in\u00a0Hamburg\u00a0f\u00fcr ein neues Wohngef\u00fchl<br \/>Nach den Vorarbeiten starten wir mit der sachgem\u00e4\u00dfen und nachhaltigen Sanierung Ihres Balkons in\u00a0Hamburg\u00a0entsprechend den baulichen Gegebenheiten. Wir erneuern den Boden fachgerecht und dichten den Balkon insbesondere am T\u00fcr- und Wandabschluss zuverl\u00e4ssig ab, um den Balkon und die angrenzenden Bauteile in der Zukunft vor Umwelt- und Wettereinfl\u00fcssen, wie z. B. Regen, zuverl\u00e4ssig zu sch\u00fctzen. Zudem tauschen wir irreparable Balkonteile professionell aus, damit Ihr Balkon in neuem Glanz erstrahlt. Setzen Sie bei Ihrer\u00a0Balkonsanierung\u00a0in\u00a0Hamburg\u00a0auf unser umfassendes Knowhow. Wir bieten Ihnen eine Vielzahl an unterschiedlichen Bodenbel\u00e4gen und Materialien und beraten Sie gerne hinsichtlich der Auswahl eines geeigneten Designs. Denn wir m\u00f6chten nicht nur daf\u00fcr sorgen, dass Ihr Balkon wieder sicher ist, sondern auch ein neuer Wohlf\u00fchlort wird, auf dem Sie sich wie in Ihren vier W\u00e4nden zu Hause f\u00fchlen.<\/div><\/div>\t\t\t\t\t\t<\/div>\n\t\t\t\t<\/div>\n\t\t\t\t\t<\/div>\n\t\t<\/div>\n\t\t\t\t\t\t\t<\/div>\n\t\t<\/section>\n\t\t\t\t\t\t\t<\/div>\n\t\t","protected":false},"excerpt":{"rendered":"<p>IHR BAUGESCH\u00c4FT IN NORDERSTEDT Wandentfernung Hamburg Wandentfernung&nbsp;in&nbsp;Hamburg&nbsp;| Maurer- und Betonbaumeister Marco Schwebe Eine Wand ist Ihnen im Weg und Sie denken \u00fcber eine&nbsp;Wandentfernung&nbsp;zur Raumvergr\u00f6\u00dferung nach? Als erfahrener Fachbetrieb sind wir Ihre starken Partner, wenn es um die professionelle und statisch einwandfreie&nbsp;Wandentfernung&nbsp;in&nbsp;Hamburg&nbsp;sowie in der Umgebung geht. Die Entfernung einer Wand sollte ausschlie\u00dflich vom Fachmann vorgenommen werden, [&hellip;]<\/p>\n","protected":false},"author":1,"featured_media":0,"parent":0,"menu_order":0,"comment_status":"closed","ping_status":"closed","template":"elementor_canvas","meta":{"_seopress_robots_primary_cat":"","footnotes":""},"class_list":["post-232","page","type-page","status-publish","hentry"],"_links":{"self":[{"href":"https:\/\/hamburg-bauunternehmen.de\/index.php\/wp-json\/wp\/v2\/pages\/232","targetHints":{"allow":["GET"]}}],"collection":[{"href":"https:\/\/hamburg-bauunternehmen.de\/index.php\/wp-json\/wp\/v2\/pages"}],"about":[{"href":"https:\/\/hamburg-bauunternehmen.de\/index.php\/wp-json\/wp\/v2\/types\/page"}],"author":[{"embeddable":true,"href":"https:\/\/hamburg-bauunternehmen.de\/index.php\/wp-json\/wp\/v2\/users\/1"}],"replies":[{"embeddable":true,"href":"https:\/\/hamburg-bauunternehmen.de\/index.php\/wp-json\/wp\/v2\/comments?post=232"}],"version-history":[{"count":5,"href":"https:\/\/hamburg-bauunternehmen.de\/index.php\/wp-json\/wp\/v2\/pages\/232\/revisions"}],"predecessor-version":[{"id":237,"href":"https:\/\/hamburg-bauunternehmen.de\/index.php\/wp-json\/wp\/v2\/pages\/232\/revisions\/237"}],"wp:attachment":[{"href":"https:\/\/hamburg-bauunternehmen.de\/index.php\/wp-json\/wp\/v2\/media?parent=232"}],"curies":[{"name":"wp","href":"https:\/\/api.w.org\/{rel}","templated":true}]}}