{"id":271,"date":"2023-04-26T07:17:03","date_gmt":"2023-04-26T07:17:03","guid":{"rendered":"https:\/\/hamburg-bauunternehmen.de\/?page_id=271"},"modified":"2023-04-26T07:17:51","modified_gmt":"2023-04-26T07:17:51","slug":"fugensanierung-hamburg-copy","status":"publish","type":"page","link":"https:\/\/hamburg-bauunternehmen.de\/index.php\/fugensanierung-hamburg-copy\/","title":{"rendered":"Fliesenleger Hamburg"},"content":{"rendered":"\t\t<div data-elementor-type=\"wp-page\" data-elementor-id=\"271\" class=\"elementor elementor-271\">\n\t\t\t\t\t\t\t\t\t<section class=\"elementor-section elementor-top-section elementor-element elementor-element-7e17c85 elementor-section-height-min-height da-child elementor-section-boxed elementor-section-height-default elementor-section-items-middle\" data-id=\"7e17c85\" data-element_type=\"section\" id=\"home\" data-settings=\"{&quot;background_background&quot;:&quot;classic&quot;}\">\n\t\t\t\t\t\t\t<div class=\"elementor-background-overlay\"><\/div>\n\t\t\t\t\t\t\t<div class=\"elementor-container elementor-column-gap-default\">\n\t\t\t\t\t<div class=\"elementor-column elementor-col-100 elementor-top-column elementor-element elementor-element-5d82992\" data-id=\"5d82992\" data-element_type=\"column\">\n\t\t\t<div class=\"elementor-widget-wrap elementor-element-populated\">\n\t\t\t\t\t\t\t\t<div class=\"elementor-element elementor-element-10add7f elementor-widget__width-auto elementor-widget elementor-widget-image\" data-id=\"10add7f\" data-element_type=\"widget\" data-widget_type=\"image.default\">\n\t\t\t\t<div class=\"elementor-widget-container\">\n\t\t\t<style>\/*! elementor - v3.15.0 - 20-08-2023 *\/\n.elementor-widget-image{text-align:center}.elementor-widget-image a{display:inline-block}.elementor-widget-image a img[src$=\".svg\"]{width:48px}.elementor-widget-image img{vertical-align:middle;display:inline-block}<\/style>\t\t\t\t\t\t\t\t\t\t\t\t<img loading=\"lazy\" decoding=\"async\" width=\"800\" height=\"69\" src=\"https:\/\/hamburg-bauunternehmen.de\/wp-content\/uploads\/2022\/07\/logo.png\" class=\"attachment-large size-large wp-image-61\" alt=\"\" srcset=\"https:\/\/hamburg-bauunternehmen.de\/wp-content\/uploads\/2022\/07\/logo.png 833w, https:\/\/hamburg-bauunternehmen.de\/wp-content\/uploads\/2022\/07\/logo-300x26.png 300w, https:\/\/hamburg-bauunternehmen.de\/wp-content\/uploads\/2022\/07\/logo-768x66.png 768w\" sizes=\"auto, (max-width: 800px) 100vw, 800px\" \/>\t\t\t\t\t\t\t\t\t\t\t\t\t\t\t<\/div>\n\t\t\t\t<\/div>\n\t\t\t\t<div class=\"elementor-element elementor-element-1fa7b5a elementor-widget elementor-widget-spacer\" data-id=\"1fa7b5a\" data-element_type=\"widget\" data-widget_type=\"spacer.default\">\n\t\t\t\t<div class=\"elementor-widget-container\">\n\t\t\t<style>\/*! elementor - v3.15.0 - 20-08-2023 *\/\n.elementor-column .elementor-spacer-inner{height:var(--spacer-size)}.e-con{--container-widget-width:100%}.e-con-inner>.elementor-widget-spacer,.e-con>.elementor-widget-spacer{width:var(--container-widget-width,var(--spacer-size));--align-self:var(--container-widget-align-self,initial);--flex-shrink:0}.e-con-inner>.elementor-widget-spacer>.elementor-widget-container,.e-con-inner>.elementor-widget-spacer>.elementor-widget-container>.elementor-spacer,.e-con>.elementor-widget-spacer>.elementor-widget-container,.e-con>.elementor-widget-spacer>.elementor-widget-container>.elementor-spacer{height:100%}.e-con-inner>.elementor-widget-spacer>.elementor-widget-container>.elementor-spacer>.elementor-spacer-inner,.e-con>.elementor-widget-spacer>.elementor-widget-container>.elementor-spacer>.elementor-spacer-inner{height:var(--container-widget-height,var(--spacer-size))}<\/style>\t\t<div class=\"elementor-spacer\">\n\t\t\t<div class=\"elementor-spacer-inner\"><\/div>\n\t\t<\/div>\n\t\t\t\t<\/div>\n\t\t\t\t<\/div>\n\t\t\t\t<div class=\"elementor-element elementor-element-18d49cf elementor-widget elementor-widget-heading\" data-id=\"18d49cf\" data-element_type=\"widget\" data-widget_type=\"heading.default\">\n\t\t\t\t<div class=\"elementor-widget-container\">\n\t\t\t<style>\/*! elementor - v3.15.0 - 20-08-2023 *\/\n.elementor-heading-title{padding:0;margin:0;line-height:1}.elementor-widget-heading .elementor-heading-title[class*=elementor-size-]>a{color:inherit;font-size:inherit;line-height:inherit}.elementor-widget-heading .elementor-heading-title.elementor-size-small{font-size:15px}.elementor-widget-heading .elementor-heading-title.elementor-size-medium{font-size:19px}.elementor-widget-heading .elementor-heading-title.elementor-size-large{font-size:29px}.elementor-widget-heading .elementor-heading-title.elementor-size-xl{font-size:39px}.elementor-widget-heading .elementor-heading-title.elementor-size-xxl{font-size:59px}<\/style><h2 class=\"elementor-heading-title elementor-size-default\">IHR BAUGESCH\u00c4FT IN NORDERSTEDT<\/h2>\t\t<\/div>\n\t\t\t\t<\/div>\n\t\t\t\t\t<\/div>\n\t\t<\/div>\n\t\t\t\t\t\t\t<\/div>\n\t\t<\/section>\n\t\t\t\t<section class=\"elementor-section elementor-top-section elementor-element elementor-element-231263c elementor-section-boxed elementor-section-height-default elementor-section-height-default\" data-id=\"231263c\" data-element_type=\"section\">\n\t\t\t\t\t\t<div class=\"elementor-container elementor-column-gap-default\">\n\t\t\t\t\t<div class=\"elementor-column elementor-col-100 elementor-top-column elementor-element elementor-element-6295403\" data-id=\"6295403\" data-element_type=\"column\">\n\t\t\t<div class=\"elementor-widget-wrap elementor-element-populated\">\n\t\t\t\t\t\t\t\t<div class=\"elementor-element elementor-element-3b90b65 elementor-widget elementor-widget-text-editor\" data-id=\"3b90b65\" data-element_type=\"widget\" data-widget_type=\"text-editor.default\">\n\t\t\t\t<div class=\"elementor-widget-container\">\n\t\t\t<style>\/*! elementor - v3.15.0 - 20-08-2023 *\/\n.elementor-widget-text-editor.elementor-drop-cap-view-stacked .elementor-drop-cap{background-color:#69727d;color:#fff}.elementor-widget-text-editor.elementor-drop-cap-view-framed .elementor-drop-cap{color:#69727d;border:3px solid;background-color:transparent}.elementor-widget-text-editor:not(.elementor-drop-cap-view-default) .elementor-drop-cap{margin-top:8px}.elementor-widget-text-editor:not(.elementor-drop-cap-view-default) .elementor-drop-cap-letter{width:1em;height:1em}.elementor-widget-text-editor .elementor-drop-cap{float:left;text-align:center;line-height:1;font-size:50px}.elementor-widget-text-editor .elementor-drop-cap-letter{display:inline-block}<\/style>\t\t\t\t<div id=\"text_highlighted\"><p><b>Fliesenleger Hamburg<\/b><\/p><p>\u00a0<\/p><div><div class=\"preview\">Professionelle\u00a0Fliesenleger\u00a0in\u00a0Hamburg<br \/>Fliesen \u00fcberzeugen mit langlebigen und strapazierf\u00e4higen Eigenschaften, deshalb sind die Baumaterialien beim Hausbau weit verbreitet. Sie sind sehr variabel und eignen sich sowohl f\u00fcr B\u00f6den als auch f\u00fcr W\u00e4nde. Damit das Ergebnis auf ganzer Linie den Erwartungen der Kunden entspricht, leisten wir als\u00a0Fliesenleger\u00a0in\u00a0Hamburg\u00a0eine professionelle Arbeit. Dank unserer langj\u00e4hrigen Erfahrungswerte als\u00a0Fliesenleger\u00a0in\u00a0Hamburg\u00a0k\u00f6nnen Sie mit einer gewissenhaften und sauberen Umsetzung in allen Bereichen rechnen. Das beginnt schon bei einer sorgf\u00e4ltigen Planung, bei der wir versuchen, die Kundenw\u00fcnsche und baulichen Vorraussetzungen miteinander in Einklang zu bringen. Bei der anschlie\u00dfenden Durchf\u00fchrung verwenden wir als routinierte\u00a0Fliesenleger\u00a0in\u00a0Hamburg\u00a0ausschlie\u00dflich Materialien in einer hochwertigen Qualit\u00e4t. Nicht nur arbeiten wir kundenorientiert, sondern k\u00f6nnen Ihnen auch ein gutes Preis-Leistungs-Verh\u00e4ltnis garantieren.<br \/><br \/>Einsatzgebiete von Fliesen<br \/>Traditionell kommen Fliesen in der K\u00fcche und im Bad zum Einsatz, da sie sich leicht reinigen lassen und resistent gegen Feuchtigkeit sind. Dar\u00fcber hinaus zeigen Fliesen ebenfalls im Rest des Eigenheims ihre zahlreichen Vorteile. Als erfahrene\u00a0Fliesenleger\u00a0in\u00a0Hamburg\u00a0k\u00f6nnen wir die gew\u00fcnschten Fliesen auch im Wohnzimmer oder im Flur verlegen. Grunds\u00e4tzlich sind Fliesen ein idealer Belag f\u00fcr B\u00f6den, welche einer gr\u00f6\u00dferen Belastung standhalten m\u00fcssen. Deswegen sind sie vielseitig einsetzbar und punkten dazu noch mit einer langen Lebensdauer. Als\u00a0Fliesenleger\u00a0in\u00a0Hamburg\u00a0beraten wir unsere Kunden auch bei der Auswahl der richtigen Varianten. Falls Sie sich f\u00fcr ein klassisches und zeitloses Design entscheiden, erhalten Sie einen optimalen Begleiter f\u00fcr extrem viele Jahre. Wenn Sie uns als\u00a0Fliesenleger\u00a0in\u00a0Hamburg\u00a0beauftragen, werden Sie sich bestimmt lange an Ihren Boden- oder Wandfliesen erfreuen. Unsere Mitarbeiter sind hervorragend ausgebildet und verf\u00fcgen \u00fcber tiefgehende Fachkenntnisse, welche den aktuellen Entwicklungen in diesem speziellen Bereich entsprechen.<br \/><br \/>Fliesenleger\u00a0in\u00a0Hamburg\u00a0mit moderner Arbeitsweise<br \/>Wenn wir f\u00fcr Sie als\u00a0Fliesenleger\u00a0in\u00a0Hamburg\u00a0t\u00e4tig sind, k\u00f6nnen Sie mit einer modernen Durchf\u00fchrung aller Arbeiten rechnen. Wir kennen uns mit den g\u00e4ngigen Techniken im Bezug auf die Verlegung und Abdichtung aus, damit die Fliesenarbeiten zeitgem\u00e4\u00df sind und auf ganzer Linie Ihren pers\u00f6nlichen Vorstellungen entsprechen. In einem Beratungsgespr\u00e4ch k\u00f6nnen wir Ihnen als fachkundige\u00a0Fliesenleger\u00a0in\u00a0Hamburg\u00a0die M\u00f6glichkeiten und Einsatzgebiete der Fliesen ausf\u00fchrlich erl\u00e4utern. So k\u00f6nnen Sie schnell und einfach die ad\u00e4quaten Fliesen f\u00fcr Ihr eigenes Zuhause finden. In der heutigen Zeit gibt es eine gro\u00dfe Auswahl an unterschiedlichen Materialien und Farben, ebenso wie bei den Oberfl\u00e4chen und Formaten. Dar\u00fcber hinaus k\u00f6nnen wir als bewanderte\u00a0Fliesenleger\u00a0in\u00a0Hamburg\u00a0noch Dekore als schm\u00fcckende Verzierung einsetzen.<br \/><br \/>Gr\u00fcndliche\u00a0Fliesenleger\u00a0in\u00a0Hamburg<br \/>Als\u00a0Fliesenleger\u00a0in\u00a0Hamburg\u00a0sind wir ein Fachbetrieb, der \u00fcber das erforderliche Expertenwissen verf\u00fcgt, um die Fliesen sowohl an den W\u00e4nden als auch auf den B\u00f6den zu verlegen. Unsere Arbeitskr\u00e4fte sorgen f\u00fcr reibungslose Vorg\u00e4nge, damit das Ergebnis in allen Aspekten \u00fcberzeugt. Um als\u00a0Fliesenleger\u00a0in\u00a0Hamburg\u00a0korrekt zu arbeiten, kommen wir zuerst zu Ihnen nach Hause, um die gew\u00fcnschten Arbeiten detailliert mit Ihnen zu besprechen und akkurat zu planen. So stellt eine Analyse der \u00f6rtlichen Gegebenheiten die Basis f\u00fcr das weitere Vorgehen dar, welches wir als\u00a0Fliesenleger\u00a0in\u00a0Hamburg\u00a0mit h\u00f6chster Pr\u00e4zision und stets konzentriert durchf\u00fchren. Nur so lassen sich selbst kleinste Fehler vermeiden, welche sich im Verlauf der Zeit irgendwann bemerkbar machen w\u00fcrden.<br \/><br \/>Fliesenleger\u00a0in\u00a0Hamburg\u00a0f\u00fcr Innen- und Au\u00dfenbereiche<br \/>Als flexible\u00a0Fliesenleger\u00a0in\u00a0Hamburg\u00a0verlegen wir Fliesen in Innen- und Au\u00dfenbereichen. Zu unseren Leistungen geh\u00f6ren sowohl kleine Projekte als auch gro\u00dfe Gewerbefl\u00e4chen. Unabh\u00e4ngig vom Umfang der Projekte liefern Ihnen unsere Mitarbeiter immer eine durchgehend hohe Qualit\u00e4t. So \u00fcbernimmt unser Team das Verlegen von Fliesen in Innenanlagen wie Wohnr\u00e4umen und Garagen, ebenso wie in Schwimmb\u00e4dern und Sportst\u00e4tten. Des Weiteren sind wir in Gewerbek\u00fcchen und sanit\u00e4ren Einrichtungen sowie in anderweitig genutzten R\u00e4umen in Betrieben t\u00e4tig. Dar\u00fcber hinaus k\u00f6nnen wir als\u00a0Fliesenleger\u00a0in\u00a0Hamburg\u00a0auch Fliesen in Au\u00dfenanlagen verlegen, zum Beispiel auf Balkonen und Terrassen, ebenso wie in Galerien und auf Treppen. Dabei erledigen unsere firmeninternen Spezialisten alle anfallenden Vorarbeiten, zu denen vor allem Maurerarbeiten, R\u00fcckbauarbeiten und Trockenbauarbeiten geh\u00f6ren. In diesem Zusammenhang f\u00fchren wir als\u00a0Fliesenleger\u00a0in\u00a0Hamburg\u00a0fachgerechte Ausf\u00fchrungen aller Abdichtungsebenen durch, von W0-l bis hin zu W3-l.<br \/><br \/>Mosaikfliesen vom spezialisierten\u00a0Fliesenleger\u00a0in\u00a0Hamburg<br \/>Falls Sie Ihre B\u00f6den oder W\u00e4nde individuell und einzigartig gestalten m\u00f6chten, stellen Mosaikfliesen die passende Option dar. Diese besonderen Varianten bestehen aus vielen kleinen Fliesensteinen, welche auf einem st\u00fctzenden Gitter angebracht sind. Deswegen gibt es bei den Mosaikfliesen einen sehr gro\u00dfen Spielraum im Hinblick auf die Gestaltung. So k\u00f6nnen Sie Ihre pers\u00f6nlichen Ideen und Vorstellungen kreativ umsetzen. Als versierte\u00a0Fliesenleger\u00a0in\u00a0Hamburg\u00a0haben wir mit den Jahren gen\u00fcgend Erfahrungswerte im Verlegen von Mosaikfliesen gesammelt, sodass das endg\u00fcltige Ergebnis in allen Bereichen \u00fcberzeugt. Im Bezug auf schwierige Untergr\u00fcnde k\u00f6nnen wir mit allen Herausforderungen ad\u00e4quat umgehen, sowohl innen als auch au\u00dfen.<br \/><br \/>Beratungsgespr\u00e4ch mit dem\u00a0Fliesenleger\u00a0in\u00a0Hamburg\u00a0vereinbaren<br \/>Mit Fliesen k\u00f6nnen Sie eine ganz besonders Ambiente in Wohn- und Betriebsr\u00e4umen erschaffen. Abh\u00e4ngig von der Farbe, der Form und dem Verlegemuster entstehen au\u00dfergew\u00f6hnliche Effekte, die entweder k\u00fchl und sauber oder gem\u00fctlich und einladend wirken. So k\u00f6nnen helle Farbt\u00f6ne die Helligkeit im Raum noch erh\u00f6hen, zum Beispiel in einem dunklen Badezimmer ohne Fenster. Dagegen entsteht mit dunklen Farben eine elegante Atmosph\u00e4re, solche Fliesen passen gut zu modernen Einrichtungsstilen. Des Weiteren wissen wir als erfahrene\u00a0Fliesenleger\u00a0in\u00a0Hamburg, dass das Material der Fliesen eine extrem wichtige Rolle spielt. Diese Auswahl bestimmt die \u00c4sthetik und zeigt seine Eigenschaften bei der Pflege, den Kosten und der Haltbarkeit. Wenn wir Ihr Interesse an einer Zusammenarbeit mit uns wecken konnten, w\u00fcrden wir uns sehr freuen, wenn Sie einen unverbindlichen Beratungstermin vereinbaren. Im Anschluss kommen wir als\u00a0Fliesenleger\u00a0in\u00a0Hamburg\u00a0zu Ihnen vor Ort und stellen Ihnen gerne unser Leistungsspektrum sowie unsere Philosophie genauer vor.<\/div><\/div><\/div>\t\t\t\t\t\t<\/div>\n\t\t\t\t<\/div>\n\t\t\t\t\t<\/div>\n\t\t<\/div>\n\t\t\t\t\t\t\t<\/div>\n\t\t<\/section>\n\t\t\t\t\t\t\t<\/div>\n\t\t","protected":false},"excerpt":{"rendered":"<p>IHR BAUGESCH\u00c4FT IN NORDERSTEDT Fugensanierung Hamburg Exakte&nbsp;Fugensanierung&nbsp;vom Profi in&nbsp;Hamburg Im Laufe der Zeit k\u00f6nnen die Fugen zwischen Fliesen, Feinsteinzeug oder Bodenplatten anfangen zu br\u00f6ckeln. In Nassr\u00e4umen bildet sich h\u00e4ufig sogar Schimmel an den Verfugungen. Was tun, wenn Fliesen und Platten noch vollkommen in Ordnung sind und nur die Fugen Sch\u00e4den zeigen? Wir sind Ihre zuverl\u00e4ssigen [&hellip;]<\/p>\n","protected":false},"author":1,"featured_media":0,"parent":0,"menu_order":0,"comment_status":"closed","ping_status":"closed","template":"elementor_canvas","meta":{"_seopress_robots_primary_cat":"","footnotes":""},"class_list":["post-271","page","type-page","status-publish","hentry"],"_links":{"self":[{"href":"https:\/\/hamburg-bauunternehmen.de\/index.php\/wp-json\/wp\/v2\/pages\/271","targetHints":{"allow":["GET"]}}],"collection":[{"href":"https:\/\/hamburg-bauunternehmen.de\/index.php\/wp-json\/wp\/v2\/pages"}],"about":[{"href":"https:\/\/hamburg-bauunternehmen.de\/index.php\/wp-json\/wp\/v2\/types\/page"}],"author":[{"embeddable":true,"href":"https:\/\/hamburg-bauunternehmen.de\/index.php\/wp-json\/wp\/v2\/users\/1"}],"replies":[{"embeddable":true,"href":"https:\/\/hamburg-bauunternehmen.de\/index.php\/wp-json\/wp\/v2\/comments?post=271"}],"version-history":[{"count":5,"href":"https:\/\/hamburg-bauunternehmen.de\/index.php\/wp-json\/wp\/v2\/pages\/271\/revisions"}],"predecessor-version":[{"id":276,"href":"https:\/\/hamburg-bauunternehmen.de\/index.php\/wp-json\/wp\/v2\/pages\/271\/revisions\/276"}],"wp:attachment":[{"href":"https:\/\/hamburg-bauunternehmen.de\/index.php\/wp-json\/wp\/v2\/media?parent=271"}],"curies":[{"name":"wp","href":"https:\/\/api.w.org\/{rel}","templated":true}]}}